pose t = 5*l + 11 - 94, -t = 3. Suppose 0 = -5*p + 13*p - l. Calculate the greatest common divisor of 22 and p.
2
Let p be (-7 - -2)*1617/(-35). Calculate the greatest common factor of p and 66.
33
Let u be (4 + 0)/(40/1370). Calculate the greatest common divisor of 2 and u.
1
Let j(y) = 2*y + 22. Let r be j(-5). Suppose 0 = 4*f + n + 475, -5*f - 5*n - 580 = -n. Let l = -24 - f. What is the highest common divisor of r and l?
12
Let f = -53 + 48. Let l(n) = -60*n + 1. Let b be l(f). Calculate the highest common factor of 43 and b.
43
Let v = 4 + 0. Suppose 3*a + 4 = -w + 18, 3*w = -3*a + 18. Suppose 0 = -2*o + t + 11, 7 = a*o - 3*t - 10. What is the greatest common divisor of o and v?
4
Let w(q) = 4*q + 27. Let j be w(11). Suppose -4*p = -o - 78 - j, 4*p - 3*o - 143 = 0. What is the highest common factor of p and 266?
38
Let g be ((-20)/(-50))/(1/(-5)). Let j(u) = 4*u**2 + 3*u + 5. Let i be j(g). What is the greatest common divisor of 15 and i?
15
Let c(m) = -2*m**2 + 34*m - 56. Let j be c(13). What is the highest common divisor of j and 48?
48
Suppose 2*u + 168 = 9*u. Let q = -10 + u. What is the highest common divisor of 126 and q?
14
Suppose 156*d - 465 = 153*d. Calculate the greatest common divisor of d and 25.
5
Suppose -2*r - 42 = -0*i - 3*i, -i = -r - 13. What is the highest common divisor of 48 and i?
16
Let j(y) = y**2 - 14*y + 15. Let p be j(13). Let z = 8 - p. Calculate the greatest common divisor of 30 and z.
6
Suppose -184 = -r - 35. Let x = r - 101. What is the greatest common divisor of 32 and x?
16
Let x = 100 - 46. What is the greatest common factor of 108 and x?
54
Let z be 4/(-8)*27/(-1)*2. Calculate the highest common factor of z and 27.
27
Let q = 272 - 218. Calculate the highest common divisor of 297 and q.
27
Suppose 0 = p + 46 - 107. Let q = p - 40. Calculate the greatest common divisor of 3 and q.
3
Let p = -4 + -2. Suppose -4*j - 6 = -22. Let u be p*2/j - -33. Calculate the greatest common divisor of 45 and u.
15
Suppose 0*w + 5*w - 2*q - 7 = 0, 4*q - 13 = w. What is the greatest common divisor of 75 and w?
3
Let r = -94 + 110. Suppose -2*d + r = 2. Let p = 0 + 7. What is the highest common factor of p and d?
7
Suppose 19*d - 1215 = 14*d. Calculate the greatest common factor of d and 9.
9
Let u(i) = -2*i**3 - 8*i**2 - 6*i - 6. Let a be u(-5). What is the highest common divisor of a and 592?
74
Suppose -t + 3*d + 75 = 0, 0*t = 5*t + 4*d - 375. Calculate the greatest common divisor of 60 and t.
15
Suppose 0 = -14*k + 115*k - 56055. What is the highest common factor of k and 30?
15
Suppose 5*n + 18 = 48. Suppose 2*w = -n - 32. Let p = -16 - w. Calculate the greatest common divisor of p and 33.
3
Suppose 0 = -4*l + 4*t + 40, -2*l - 4*t = -4 - 22. Let s = -89 + 178. Let y = s - 45. Calculate the highest common factor of y and l.
11
Let g = 704 + 70. Calculate the highest common factor of 18 and g.
18
Suppose -372 = -34*f + 104. Calculate the highest common factor of 32 and f.
2
Let m = 88 - 88. Suppose 4*h = -4*a + 2104, m*a + a - 518 = -5*h. Calculate the highest common factor of 48 and a.
48
Suppose q - h = -2*h, -4 = q + 3*h. Let a(b) = b**2 - b - 2. Let p be a(q). Suppose p = -3*g + 30 + 3. Calculate the highest common factor of g and 99.
11
Suppose 5*w - 1203 = 2867. Let m = -2120 + w. Let v be 2/(-10) + m/(-5). Calculate the highest common divisor of 29 and v.
29
Suppose 12 = 5*h + 3*w, -h + 4*w - 22 = -6. Suppose h = -2*q + 1 + 1. Let y = 254 + -249. What is the greatest common divisor of q and y?
1
Suppose -4*p - 3*x + 1010 = -5311, -3*x = 2*p - 3153. What is the highest common factor of p and 66?
66
Suppose 1302 = -3*a - 2*u, -5*u + 87 = -a - 330. Let b be (-2 - 20/(-8))/((-1)/a). Calculate the highest common divisor of b and 27.
27
Let w be -19*2/(-1)*(-10)/(-5). Suppose -w = -2*f + 4. What is the greatest common factor of 80 and f?
40
Suppose -2*c + 59 = 5*v, 35 + 35 = 5*c - 3*v. Let s be 33/30 + -1 + 7984/160 + 1. What is the highest common divisor of s and c?
17
Let w be (-51)/(-9) + 18/(-27). Suppose 4*x - 4*h = 84, -w*x = -2*h + h - 109. Let m = 69 - -85. What is the greatest common factor of x and m?
22
Suppose 87 = 3*x + 3*c, -x = -4*c - c - 35. Let h be 136/10 + (-4)/(-10). Let a = -4 + h. What is the greatest common divisor of x and a?
10
Let j = 3 + -1. Suppose 0 = -5*g - 0*g + 5. Suppose n + g = 2. Calculate the highest common factor of n and j.
1
Let f(b) = -b**2 - 24*b + 32. Let s be f(-18). Suppose -2*x = -2, -103 = -5*t - 12*x + 9*x. What is the greatest common factor of s and t?
20
Suppose -2*g = -2*r + 6, 5*g + 11 = r + 4. Let f(k) = 3*k**2 + 1. Let s be f(-1). Let q be ((-2)/(-2))/(s/20). What is the highest common factor of r and q?
1
Let a(s) = 120*s + 54. Let h be a(3). Calculate the greatest common factor of h and 46.
46
Let b = -12 + 17. Suppose -908 = -b*g + 177. Calculate the highest common divisor of 31 and g.
31
Let d be ((-684)/95)/(4/(-10)). Let t be (1 - 10/6)/((-2)/d). Calculate the greatest common divisor of 78 and t.
6
Suppose -73*a - 22*a - 219*a + 53380 = 0. Suppose -2*g - 34 = -7*z + 4*z, 0 = 5*z + 5*g - 40. Calculate the highest common divisor of z and a.
10
Let n(o) be the second derivative of 7*o - 2/3*o**3 + 0*o**2 - 1/2*o**4 - 1/20*o**5 + 0. Let i be n(-6). What is the highest common factor of i and 16?
8
Suppose 0 = 6*u - 3*u - 15. Suppose -j = 2*c + 3, -3*c + u*c = -4*j. Calculate the greatest common factor of j and 11.
1
Let l be 170/(-125)*5*(-9 + -1). Calculate the greatest common factor of l and 119.
17
Suppose 42 = 5*h + 4*s, 0 = -4*h + 4*s - s + 46. Let v(a) = 2*a**2 + a + 40. Let n be v(0). Calculate the greatest common divisor of n and h.
10
Let x = 18 + -13. Suppose 4*p = 4*o + 7 + x, 2*o - 24 = -3*p. Suppose -k + 21 = -p. What is the highest common factor of 243 and k?
27
Let c = -3107 - -3116. Suppose -8*p = -3*p + 985. Let s be p/(-2) - (-1)/2. Calculate the greatest common factor of s and c.
9
Let d = 648 - 516. Calculate the highest common factor of d and 440.
44
Let o = 193 - 184. Calculate the greatest common divisor of 9 and o.
9
Suppose -2*d - 7*k + 4*k + 28 = 0, 3*k = -d + 17. Suppose 4*s + 3*o = 4*o + 350, 2*o = -3*s + 268. What is the greatest common factor of s and d?
11
Let c(m) = m + 2. Let n be c(2). Let u be ((-36)/(-15))/(1/60). Suppose u = -2*t + 6*t. Calculate the highest common divisor of n and t.
4
Let q(b) = 2*b**2 - 11*b + 25. Let a be q(5). Suppose -5*u = -h + a, 2*h + h - 5*u = 40. What is the greatest common factor of h and 20?
10
Let g(f) = f**2 - 9*f + 14. Let a be g(7). Suppose a = -c + 2*n + 22, 2*c - 5*c - 2*n = -26. What is the highest common factor of c and 8?
4
Let c be (-1)/(60/62 - 1). Let l = 33 - 12. Suppose 2*d - l = -t, 6*d - t = 4*d + c. What is the greatest common divisor of d and 143?
13
Let j(y) = -y**3 - 6*y**2 - 2*y - 6. Let b be j(-6). Suppose 0 = 5*a - 3*a + 90. Let g = a + 47. Calculate the greatest common factor of b and g.
2
Let m(x) = 2*x**2 + 14*x + 30. Let s be m(-12). What is the highest common divisor of 200 and s?
50
Suppose q - 2*q + 172 = 4*m, -3*m + 15 = 0. Let h = 167 - q. Suppose 0 = 3*n - 2*n - 75. What is the greatest common divisor of n and h?
15
Let r(v) = -3*v**2 + 47*v + 57. Let h be r(16). What is the highest common divisor of h and 369?
41
Let z(f) = 6*f + 40. Let a be z(-2). Calculate the greatest common factor of 12 and a.
4
Let a be (-24)/(-8) - 16/1. Let i = -9 - a. Suppose 4 = i*w - 8. Calculate the highest common divisor of 15 and w.
3
Let r = -49 + 101. Suppose r + 13 = 5*m. Let b(z) = z**3 - 2*z**2 + 104. Let i be b(0). What is the greatest common factor of m and i?
13
Let v(t) = -t**3 - 8*t**2 - 5*t + 7. Let b be v(-7). Let q = 12 + b. Let h(m) = -m**2 + 6*m + 3. Let k be h(q). What is the greatest common factor of 88 and k?
8
Let s(p) = 2*p - 17. Let i = -28 + 40. Let v be s(i). Let q(r) = -r**3 + 8*r**2 - 6*r + 3. Let o be q(v). Calculate the highest common divisor of o and 20.
10
Suppose -5*y + 1131 + 629 = 0. Let v = y - 184. Suppose 24 = l - 2*b, 0*b - b = l - 24. Calculate the highest common divisor of v and l.
24
Let z = 691 + -627. What is the highest common divisor of 96 and z?
32
Let d = 34 + -27. Suppose 5 = -j, -3*i + d*j = 2*j - 112. What is the highest common diviso